{"id":3854,"date":"2022-04-07T13:43:30","date_gmt":"2022-04-07T11:43:30","guid":{"rendered":"https:\/\/www.galsila.it\/site\/?page_id=3854"},"modified":"2022-04-07T13:44:36","modified_gmt":"2022-04-07T11:44:36","slug":"distretto-turistico","status":"publish","type":"page","link":"https:\/\/www.galsila.it\/site\/distretto-turistico\/","title":{"rendered":"Distretto Turistico"},"content":{"rendered":"\n<p><\/p>\n\n\n\n<figure class=\"wp-block-image size-full\"><img loading=\"lazy\" decoding=\"async\" width=\"1004\" height=\"566\" src=\"https:\/\/www.galsila.it\/site\/wp-content\/uploads\/2022\/04\/prato.png\" alt=\"\" class=\"wp-image-3832\" srcset=\"https:\/\/www.galsila.it\/site\/wp-content\/uploads\/2022\/04\/prato.png 1004w, https:\/\/www.galsila.it\/site\/wp-content\/uploads\/2022\/04\/prato-300x169.png 300w, https:\/\/www.galsila.it\/site\/wp-content\/uploads\/2022\/04\/prato-768x433.png 768w\" sizes=\"auto, (max-width: 1004px) 100vw, 1004px\" \/><\/figure>\n\n\n\n<p>La Legge 12 luglio 2011, n. 106 e ss. Mod., prevede che possono essere istituiti, con decreto del Ministro dei beni e delle attivit\u00e0 culturali e del turismo, su richiesta delle imprese del settore che operano nei territori interessati, previa intesa con le Regioni interessate, i Distretti turistici.<\/p>\n\n\n\n<p>Il <strong>Distretto Turistico altopiano della Sila <\/strong>\u00e8 stato istituito con DM n. 595 del 29.12.2017 del MIBACT, l\u2019unico distretto turistico ad essere riconosciuto in Calabria.<\/p>\n\n\n\n<p>Il Gal Sila Sviluppo, nell\u2019ambito dell\u2019attivit\u00e0 tese a far emergere il valore aggiunto dell\u2019Approccio Leader ha contribuito a migliorare il capitale sociale e la governance locale attraverso la strutturazione di nuove relazioni socio-economiche di natura pubblico-privata, ed ha svolto un\u2019azione di concertazione ed animazione territoriale onde addivenire al riconoscimento del Distretto Turistico.<\/p>\n\n\n\n<p>Il Distretto Altopiano della Sila \u00e8 un\u2019entit\u00e0 socio-economica omogenea caratterizzata da un territorio storicamente e geograficamente&nbsp; determinato, ricadente nel Parco Nazionale della Sila e nella riserva della Biosfera dell\u2019Unesco, che racchiude un insieme di risorse turistiche articolate ed integrate, a vantaggio del turismo lento ed ecosostenibile, nonch\u00e9 un insieme di imprese del settore turistico, agricolo, agroalimentare ed artigianale che producono beni e servizi offerti al turista e una comunit\u00e0 tradizionalmente ospitante.<\/p>\n\n\n\n<p>Il Distretto turistico si pone l\u2019obiettivo di riqualificare e rilanciare l\u2019offerta turistica, a livello nazionale e internazionale, di accrescere lo sviluppo delle aree e dei settori del distretto, di&nbsp; migliorare l\u2019efficienza nell\u2019organizzazione e nella produzione dei servizi, di assicurare garanzie e certezze giuridiche alle imprese che vi operano con particolare riferimento alle opportunit\u00e0 di investimento, di accesso al credito, di semplificazione e celerit\u00e0 nei rapporti con le pubbliche amministrazioni, nonch\u00e9 realizzare quant\u2019altro previsto della legge 106\/2014 e ss. Mod. e int.<\/p>\n\n\n\n<p>Il Distretto Turistico rappresenta un approccio nuovo per lo sviluppo turistico, teso a porre in risalto l\u2019importanza della progettualit\u00e0 in una logica trasversale.<\/p>\n\n\n\n<p>L\u2019obiettivo generale \u00e8 la <strong>sostenibilit\u00e0 economica e ambientale<\/strong>, da perseguire attraverso la \u201ccostruzione\u201d di un prodotto di qualit\u00e0 locale che passa per l\u2019integrazione delle offerte (turismo, agricoltura, artigianato, ecc.), per superare la frammentazione e per soddisfare le esigenze della domanda interessata a un \u201cprodotto territoriale\u201d e a modalit\u00e0 di fruizione sempre pi\u00f9 orientate verso il turismo esperienziale.<\/p>\n\n\n\n<p>L\u2019Associazione Distretto turistico Altopiano della Sila \u00e8 lo strumento giuridico di gestione del Distretto, costituita a San Giovanni in Fiore il 2 dicembre 2022.<\/p>\n\n\n\n<p>Possono aderire all\u2019Associazione Piccole e medie imprese, singole e associate, enti locali ed altri soggetti pubblici, associazioni di categoria e tutti i soggetti che concorrono alla formazione dell\u2019offerta turistica che hanno finalmente la possibilit\u00e0 di fare sistema per meglio rispondere alle esigenze del mercato, sostenere la cooperazione tra le imprese, migliorare l\u2019organizzazione dei servizi e promuovere nuovi modelli di sviluppo.<\/p>\n\n\n\n<p>\ud83d\udd3b<a href=\"https:\/\/secure.gedigest.com\/gscloud\/index.php\/s\/FHms4fHY45yt8A6\" target=\"_blank\" rel=\"noreferrer noopener\">Consulta la documentazione<\/a><\/p>\n","protected":false},"excerpt":{"rendered":"<p>La Legge 12 luglio 2011, n. 106 e ss. Mod., prevede che possono essere istituiti, con decreto del Ministro dei beni e delle attivit\u00e0 culturali e del turismo, su richiesta [&hellip;]<\/p>\n","protected":false},"author":1,"featured_media":0,"parent":0,"menu_order":0,"comment_status":"closed","ping_status":"closed","template":"","meta":{"_mo_disable_npp":"","ngg_post_thumbnail":0,"_themeisle_gutenberg_block_has_review":false,"footnotes":""},"class_list":["post-3854","page","type-page","status-publish","hentry"],"publishpress_future_action":{"enabled":false,"date":"2026-05-08 20:10:55","action":"change-status","newStatus":"draft","terms":[],"taxonomy":"","extraData":[]},"publishpress_future_workflow_manual_trigger":{"enabledWorkflows":[]},"_links":{"self":[{"href":"https:\/\/www.galsila.it\/site\/wp-json\/wp\/v2\/pages\/3854","targetHints":{"allow":["GET"]}}],"collection":[{"href":"https:\/\/www.galsila.it\/site\/wp-json\/wp\/v2\/pages"}],"about":[{"href":"https:\/\/www.galsila.it\/site\/wp-json\/wp\/v2\/types\/page"}],"author":[{"embeddable":true,"href":"https:\/\/www.galsila.it\/site\/wp-json\/wp\/v2\/users\/1"}],"replies":[{"embeddable":true,"href":"https:\/\/www.galsila.it\/site\/wp-json\/wp\/v2\/comments?post=3854"}],"version-history":[{"count":2,"href":"https:\/\/www.galsila.it\/site\/wp-json\/wp\/v2\/pages\/3854\/revisions"}],"predecessor-version":[{"id":3857,"href":"https:\/\/www.galsila.it\/site\/wp-json\/wp\/v2\/pages\/3854\/revisions\/3857"}],"wp:attachment":[{"href":"https:\/\/www.galsila.it\/site\/wp-json\/wp\/v2\/media?parent=3854"}],"curies":[{"name":"wp","href":"https:\/\/api.w.org\/{rel}","templated":true}]}}

<p></p>



<figure class="wp-block-image size-full"><img loading="lazy" decoding="async" width="1004" height="566" src="https://www.galsila.it/site/wp-content/uploads/2022/04/prato.png" alt="" class="wp-image-3832" srcset="https://www.galsila.it/site/wp-content/uploads/2022/04/prato.png 1004w, https://www.galsila.it/site/wp-content/uploads/2022/04/prato-300x169.png 300w, https://www.galsila.it/site/wp-content/uploads/2022/04/prato-768x433.png 768w" sizes="auto, (max-width: 1004px) 100vw, 1004px" /></figure>



<p>La Legge 12 luglio 2011, n. 106 e ss. Mod., prevede che possono essere istituiti, con decreto del Ministro dei beni e delle attività culturali e del turismo, su richiesta delle imprese del settore che operano nei territori interessati, previa intesa con le Regioni interessate, i Distretti turistici.</p>



<p>Il <strong>Distretto Turistico altopiano della Sila </strong>è stato istituito con DM n. 595 del 29.12.2017 del MIBACT, l’unico distretto turistico ad essere riconosciuto in Calabria.</p>



<p>Il Gal Sila Sviluppo, nell’ambito dell’attività tese a far emergere il valore aggiunto dell’Approccio Leader ha contribuito a migliorare il capitale sociale e la governance locale attraverso la strutturazione di nuove relazioni socio-economiche di natura pubblico-privata, ed ha svolto un’azione di concertazione ed animazione territoriale onde addivenire al riconoscimento del Distretto Turistico.</p>



<p>Il Distretto Altopiano della Sila è un’entità socio-economica omogenea caratterizzata da un territorio storicamente e geograficamente&nbsp; determinato, ricadente nel Parco Nazionale della Sila e nella riserva della Biosfera dell’Unesco, che racchiude un insieme di risorse turistiche articolate ed integrate, a vantaggio del turismo lento ed ecosostenibile, nonché un insieme di imprese del settore turistico, agricolo, agroalimentare ed artigianale che producono beni e servizi offerti al turista e una comunità tradizionalmente ospitante.</p>



<p>Il Distretto turistico si pone l’obiettivo di riqualificare e rilanciare l’offerta turistica, a livello nazionale e internazionale, di accrescere lo sviluppo delle aree e dei settori del distretto, di&nbsp; migliorare l’efficienza nell’organizzazione e nella produzione dei servizi, di assicurare garanzie e certezze giuridiche alle imprese che vi operano con particolare riferimento alle opportunità di investimento, di accesso al credito, di semplificazione e celerità nei rapporti con le pubbliche amministrazioni, nonché realizzare quant’altro previsto della legge 106/2014 e ss. Mod. e int.</p>



<p>Il Distretto Turistico rappresenta un approccio nuovo per lo sviluppo turistico, teso a porre in risalto l’importanza della progettualità in una logica trasversale.</p>



<p>L’obiettivo generale è la <strong>sostenibilità economica e ambientale</strong>, da perseguire attraverso la “costruzione” di un prodotto di qualità locale che passa per l’integrazione delle offerte (turismo, agricoltura, artigianato, ecc.), per superare la frammentazione e per soddisfare le esigenze della domanda interessata a un “prodotto territoriale” e a modalità di fruizione sempre più orientate verso il turismo esperienziale.</p>



<p>L’Associazione Distretto turistico Altopiano della Sila è lo strumento giuridico di gestione del Distretto, costituita a San Giovanni in Fiore il 2 dicembre 2022.</p>



<p>Possono aderire all’Associazione Piccole e medie imprese, singole e associate, enti locali ed altri soggetti pubblici, associazioni di categoria e tutti i soggetti che concorrono alla formazione dell’offerta turistica che hanno finalmente la possibilità di fare sistema per meglio rispondere alle esigenze del mercato, sostenere la cooperazione tra le imprese, migliorare l’organizzazione dei servizi e promuovere nuovi modelli di sviluppo.</p>



<p>🔻<a href="https://secure.gedigest.com/gscloud/index.php/s/FHms4fHY45yt8A6" target="_blank" rel="noreferrer noopener">Consulta la documentazione</a></p>

<p>La Legge 12 luglio 2011, n. 106 e ss. Mod., prevede che possono essere istituiti, con decreto del Ministro dei beni e delle attività culturali e del turismo, su richiesta [&hellip;]</p>
