{"id":4050,"date":"2022-05-12T21:19:47","date_gmt":"2022-05-12T19:19:47","guid":{"rendered":"https:\/\/www.galsila.it\/site\/?page_id=4050"},"modified":"2022-05-12T21:27:26","modified_gmt":"2022-05-12T19:27:26","slug":"informativa-trattamento-dati-personali","status":"publish","type":"page","link":"https:\/\/www.galsila.it\/site\/informativa-trattamento-dati-personali\/","title":{"rendered":"Informativa trattamento dati personali"},"content":{"rendered":"\n<p><strong>Informativa ai sensi dell\u2019art. 13 del Regolamento europeo 679\/2016<\/strong><\/p>\n\n\n\n<p>Ai sensi dell\u2019art. 13 del Regolamento europeo (UE) 2016\/679 (di seguito GDPR), e in relazione al trattamento dei Suoi dati personali connesso all\u2019accesso agli Uffici G.A.L. (centrale e periferici) e pi\u00f9 in generale ai servizi di informazione ed alle iniziative divulgative, di animazione e di comunicazione, inclusi meeting e convegni, realizzate dall\u2019Ente nell\u2019ambito delle proprie finalit\u00e0 istituzionali e statutarie, Le comunichiamo quanto segue:<\/p>\n\n\n\n<p><strong>Titolare del trattamento e responsabile della protezione dei dati personali<\/strong><\/p>\n\n\n\n<p><em>-Titolare del trattamento<\/em>&nbsp;\u00e8 il Gruppo di Azione Locale \u201cG.A.L. Sila Sviluppo\u201d (di seguito anche semplicemente GAL), C.F.\/P.I. 02328170788, con sede in Casali del Manco (CS), Via G. Rossa, 24, in persona del Presidente e legale rappresentante p.t.<\/p>\n\n\n\n<p>Il Titolare pu\u00f2 essere contattato mediante ai seguenti indirizzi<\/p>\n\n\n\n<ul class=\"wp-block-list\"><li><a href=\"mailto:info@galsila.it\"><strong>info@galsila.it<\/strong><\/a><\/li><li><a href=\"mailto:silasviluppo@gigapec.it\"><strong>silasviluppo@gigapec.it<\/strong><\/a><\/li><\/ul>\n\n\n\n<p><\/p>\n\n\n\n<p><strong>Oggetto, Finalit\u00e0 del trattamento dei dati<\/strong><\/p>\n\n\n\n<p>Il trattamento \u00e8 svolto nell\u2019ambito delle attivit\u00e0 per Enti Pubblici ed aziende private svolte dal \u201cG.A.L. Sila Sviluppo\u201d attraverso i propri Uffici, ed in particolare ai fini dello svolgimento delle attivit\u00e0 di informazione sul PAL e sui bandi dell\u2019Ente, nonch\u00e9 per la realizzazione di iniziative divulgative, di animazione e di comunicazione, inclusi meeting, convegni, iniziative promozionali ed eventi che coinvolgono anche altri Enti ed Imprese.<\/p>\n\n\n\n<p>Le attivit\u00e0 di informazione, comunicazione e pubblicit\u00e0 potranno essere realizzate anche attraverso siti web e profili social gestiti dal GAL medesimo o ad esso collegati<\/p>\n\n\n\n<p>I dati trattati consistono nei Suoi dati anagrafici (nome, cognome, indirizzo) nei Suoi dati di contatto (recapiti telefonici fissi e mobili, indirizzi e-mail), nel ruolo e\/o la qualifica all\u2019interno dell\u2019ente o della azienda \/compagine sociale e, in via generale, in tutti i dati personali strettamente connessi e funzionali alla realizzazione delle finalit\u00e0 sopra indicate.<\/p>\n\n\n\n<p>I Suoi dati personali potranno essere trattati a mezzo sia di archivi cartacei che informatici e, in ogni caso, con modalit\u00e0 strettamente necessarie a far fronte alle finalit\u00e0 sopra indicate.<\/p>\n\n\n\n<p><strong>Comunicazione dei dati<\/strong><\/p>\n\n\n\n<p>I dati personali acquisiti saranno trattati esclusivamente da persone debitamente autorizzate al trattamento dal titolare in ragione delle mansioni espletate e nei limiti di quanto necessario allo svolgimento delle medesime.<\/p>\n\n\n\n<p>I suoi dati potranno essere comunicati a soggetti terzi, quali:<\/p>\n\n\n\n<ul class=\"wp-block-list\"><li>Pubbliche Amministrazioni, Enti Pubblici, inclusa la stessa Regione Calabria e societ\u00e0 della rete regionale, con i quali il GAL intrattiene rapporti istituzionali o di collaborazione;<\/li><li>Consulenti e\/o professionisti esterni, con i quali Il GAL intrattiene rapporti di consulenza, assistenza e collaborazione;<\/li><li>Soggetti eventualmente incaricati di realizzare campagne informative-pubblicitarie dell\u2019attivit\u00e0 del GAL anche con l\u2019ausilio di siti web e di profili social gestiti dal GAL medesimo o ad esso collegati.<\/li><\/ul>\n\n\n\n<p>I predetti soggetti potranno all\u2019uopo ricevere dal GAL la nomina quali responsabili esterni del trattamento ex art. 28 RE. UE 2016\/679, sulla base di garanzie idonee e sufficienti e di specifico mandato ai sensi della normativa europea. &nbsp;<\/p>\n\n\n\n<p>Base giuridica del trattamento<\/p>\n\n\n\n<p>Il trattamento dei suoi dati viene effettuato sulla base della legge (nazionale e regionale), delle norme comunitarie, di norme di rango secondario e dei connessi atti e provvedimenti amministrativi, nonch\u00e9 in ragione del legittimo interesse del G.A.L. al perseguimento delle proprie finalit\u00e0 istituzionali, ed \u00e8 condizione necessaria per lo svolgimento delle attivit\u00e0 di informazione, comunicazione, animazione e divulgazione sopra indicati in favore della sua azienda\/ente. Pertanto il mancato, inesatto o incompleto conferimento dei dati richiesti importer\u00e0 l\u2019impossibilit\u00e0 di fornire i servizi indicati.<\/p>\n\n\n\n<p>Modalit\u00e0 di trattamento e tempi di conservazione dei dati<\/p>\n\n\n\n<p>Tutti i dati saranno trattati nel rispetto dei principi di liceit\u00e0, correttezza, trasparenza, minimizzazione, esattezza, integrit\u00e0 e riservatezza.<\/p>\n\n\n\n<p>I Suoi dati personali, oggetto di trattamento per le finalit\u00e0 sopra indicate, saranno conservati per tutta la durata dell\u2019attivit\u00e0 istituzionale dell\u2019ente afferente l\u2019attuazione e rendicontazione del PAL (PSR CALABRIA 2014-2020) e per il termine di anni 10 successivi. Decorso il predetto termine di conservazione, i dati oggetto di trattamento di cui alla presente informativa saranno cancellati o distrutti dal Titolare del trattamento, salva l\u2019osservanza di specifici obblighi di legge che ne determino l\u2019ulteriore conservazione. La cancellazione dei dati, attese le modalit\u00e0 di diffusione cui saranno eventualmente sottoposti e considerato lo stato della tecnica ed i costi di attuazione, \u00e8 limitata agli archivi e dispositivi nella disponibilit\u00e0 del titolare del trattamento e dei suoi responsabili esterni del trattamento, in ragione delle disposizioni ai medesimi impartite in sede di designazione.<\/p>\n\n\n\n<p><strong>Profilazione e Diffusione dei dati<\/strong><\/p>\n\n\n\n<p>I Suoi dati personali afferenti la presente informativa non verranno sottoposti ad alcun processo decisionale interamente automatizzato, ivi compresa la profilazione. Potranno essere oggetto di diffusione esclusivamente nei limiti e per le finalit\u00e0 di cui alla presente informativa.<\/p>\n\n\n\n<p><strong>Sicurezza del trattamento<\/strong><\/p>\n\n\n\n<p>La titolare del trattamento garantisce la predisposizione di misure tecniche ed organizzative adeguate al fine di garantire la sicurezza del trattamento di cui alla presente informativa. Le misure, commisurate ai livelli di rischio del trattamento, con particolare riferimento alla probabilit\u00e0 e gravit\u00e0 delle potenziali violazioni (trattamenti non autorizzati e illeciti, perdita, distruzione, danni accidentali), sono volte in particolare ad assicurare la riservatezza, integrit\u00e0 ed accessibilit\u00e0 dei dati trattati, nonch\u00e9 la resilienza dei sistemi di trattamento.<\/p>\n\n\n\n<p><strong>Dati di Navigazione<\/strong><\/p>\n\n\n\n<p>I sistemi informatici e le procedure software preposte al funzionamento del sito web <a href=\"http:\/\/www.galsila.it\">www.galsila.it<\/a> &nbsp;acquisiscono, nel corso del loro normale esercizio, alcuni dati personali la cui trasmissione \u00e8 implicita nell\u2019uso dei protocolli di comunicazione di Internet. Si tratta di informazioni che non sono raccolte per essere associate a interessati identificati, ma che per loro stessa natura potrebbero, attraverso elaborazioni ed associazioni con dati detenuti da terzi, permettere di identificare gli utenti. In questa categoria di dati rientrano:<\/p>\n\n\n\n<p>\u2022 gli indirizzi IP o i nomi di dominio dei computer utilizzati dagli utenti che si connettono;<\/p>\n\n\n\n<p>\u2022 gli indirizzi in notazione URI (Uniform Resource Identifier) delle risorse richieste;<\/p>\n\n\n\n<p>\u2022 l\u2019orario di richiesta;<\/p>\n\n\n\n<p>\u2022 il metodo di connessione;<\/p>\n\n\n\n<p>\u2022 la dimensione dei file generati dal traffico di rete;<\/p>\n\n\n\n<p>\u2022 altri parametri relativi al sistema operativo e all\u2019ambiente informatico dell\u2019utente.<\/p>\n\n\n\n<p><strong>Cookie<\/strong><\/p>\n\n\n\n<p>Nessun dato personale degli utenti viene in proposito acquisito dal sito. Non viene fatto uso di cookies per la trasmissione di informazioni di carattere personale, n\u00e9 vengono utilizzati c.d. cookies persistenti di alcun tipo, ovvero sistemi per il tracciamento degli utenti.<\/p>\n\n\n\n<p>L\u2019uso di c.d. cookies di sessione (che non vengono memorizzati in modo persistente sul computer dell\u2019utente e svaniscono con la chiusura del browser) \u00e8 strettamente limitato alla trasmissione di identificativi di sessione (costituiti da numeri casuali generati dal server) necessari per consentire l\u2019esplorazione sicura ed efficiente del sito.<\/p>\n\n\n\n<p>I c.d. cookies di sessione utilizzati in questo sito evitano il ricorso ad altre tecniche informatiche potenzialmente pregiudizievoli per la riservatezza della navigazione degli utenti e non consentono l\u2019acquisizione di dati personali identificativi dell\u2019utente. L\u2019Utente pu\u00f2 opporsi alla registrazione dei cookies sul proprio dispositivo, configurando in modo appropriato il Browser da lui utilizzato per la navigazione.<\/p>\n\n\n\n<p>Se l\u2019Utente utilizza il sito di GAL Distretto Rurale BMG senza cambiare le impostazioni del Browser, si presuppone che voglia ricevere tutti i cookies usati dal sito e fruire di tutte le funzionalit\u00e0.<\/p>\n\n\n\n<p><strong>Diritti dell\u2019interessato<\/strong><\/p>\n\n\n\n<p>I diritti a Lei riconosciuti sulla base del Regolamento UE 2016\/679 sono sintetizzabili come di seguito.:<\/p>\n\n\n\n<ul class=\"wp-block-list\"><li>Accedere ai Suoi dati personali ed alle informazioni relative agli stessi; la rettifica dei dati inesatti o l\u2019integrazione di quelli incompleti; la cancellazione dei dati personali che La riguardano (al verificarsi di una delle condizioni indicate nell\u2019art. 17, paragrafo 1 del GDPR e nel rispetto delle eccezioni previste nel paragrafo 3 dello stesso articolo); la limitazione del trattamento dei Suoi dati personali (al ricorrere di una delle ipotesi indicate nell\u2019art. 18, paragrafo 1 del GDPR);<\/li><li>richiedere ed ottenere che i Suoi dati personali, in caso di trattamento automatizzato, le siano forniti in un formato strutturato e leggibile da dispositivo automatico, anche al fine di comunicare tali dati ad un altro titolare del trattamento (c.d. diritto alla portabilit\u00e0 dei dati personali);<\/li><li>opporsi in qualsiasi momento al trattamento dei Suoi dati personali al ricorrere di situazioni particolari che La riguardano;<\/li><li>revocare il consenso in qualsiasi momento, limitatamente allo specifico trattamento basato sulla presente informativa. Il trattamento basato sul consenso ed effettuato antecedentemente alla revoca dello stesso conserva, comunque, la sua liceit\u00e0;<\/li><li>proporre reclamo a un\u2019autorit\u00e0 di controllo (Autorit\u00e0 Garante per la protezione dei dati personali \u2013 <a href=\"http:\/\/www.garanteprivacy.it\">www.garanteprivacy.it<\/a>).<\/li><\/ul>\n","protected":false},"excerpt":{"rendered":"<p>Informativa ai sensi dell\u2019art. 13 del Regolamento europeo 679\/2016 Ai sensi dell\u2019art. 13 del Regolamento europeo (UE) 2016\/679 (di seguito GDPR), e in relazione al trattamento dei Suoi dati personali [&hellip;]<\/p>\n","protected":false},"author":1,"featured_media":0,"parent":0,"menu_order":0,"comment_status":"closed","ping_status":"closed","template":"","meta":{"_mo_disable_npp":"","ngg_post_thumbnail":0,"_themeisle_gutenberg_block_has_review":false,"footnotes":""},"class_list":["post-4050","page","type-page","status-publish","hentry"],"publishpress_future_action":{"enabled":false,"date":"2026-04-26 14:50:30","action":"change-status","newStatus":"draft","terms":[],"taxonomy":"","extraData":[]},"publishpress_future_workflow_manual_trigger":{"enabledWorkflows":[]},"_links":{"self":[{"href":"https:\/\/www.galsila.it\/site\/wp-json\/wp\/v2\/pages\/4050","targetHints":{"allow":["GET"]}}],"collection":[{"href":"https:\/\/www.galsila.it\/site\/wp-json\/wp\/v2\/pages"}],"about":[{"href":"https:\/\/www.galsila.it\/site\/wp-json\/wp\/v2\/types\/page"}],"author":[{"embeddable":true,"href":"https:\/\/www.galsila.it\/site\/wp-json\/wp\/v2\/users\/1"}],"replies":[{"embeddable":true,"href":"https:\/\/www.galsila.it\/site\/wp-json\/wp\/v2\/comments?post=4050"}],"version-history":[{"count":1,"href":"https:\/\/www.galsila.it\/site\/wp-json\/wp\/v2\/pages\/4050\/revisions"}],"predecessor-version":[{"id":4052,"href":"https:\/\/www.galsila.it\/site\/wp-json\/wp\/v2\/pages\/4050\/revisions\/4052"}],"wp:attachment":[{"href":"https:\/\/www.galsila.it\/site\/wp-json\/wp\/v2\/media?parent=4050"}],"curies":[{"name":"wp","href":"https:\/\/api.w.org\/{rel}","templated":true}]}}